83 and 1482?
741
Calculate the highest common divisor of 121069 and 4355.
871
What is the highest common factor of 52 and 598780?
52
Calculate the highest common divisor of 276795 and 225.
45
Calculate the highest common factor of 129798 and 1314.
18
Calculate the greatest common divisor of 91 and 25961.
13
What is the greatest common divisor of 24 and 122088?
24
Calculate the greatest common factor of 351 and 216567.
351
Calculate the greatest common divisor of 1475375 and 3025.
275
Calculate the greatest common divisor of 165758 and 670.
134
What is the greatest common divisor of 1335039 and 2889?
321
Calculate the greatest common divisor of 12 and 17106.
6
Calculate the greatest common divisor of 416 and 23504.
208
What is the greatest common divisor of 13065 and 26?
13
Calculate the highest common divisor of 527663 and 289.
17
Calculate the greatest common factor of 609 and 394107.
21
Calculate the greatest common divisor of 1172888 and 8.
8
What is the highest common divisor of 1470106 and 627?
209
Calculate the greatest common factor of 767705 and 265.
265
What is the highest common divisor of 53103 and 837?
93
What is the highest common factor of 38 and 314?
2
Calculate the highest common divisor of 29000 and 16.
8
Calculate the highest common divisor of 6 and 1132086.
6
Calculate the greatest common factor of 5704 and 9920.
248
Calculate the greatest common factor of 441 and 449379.
441
Calculate the greatest common divisor of 28651 and 21.
7
Calculate the highest common divisor of 44 and 804452.
44
Calculate the highest common factor of 234 and 104.
26
Calculate the greatest common divisor of 35312 and 1304.
8
What is the highest common factor of 20 and 1486?
2
What is the greatest common divisor of 617462 and 95?
19
What is the highest common divisor of 295 and 18703?
59
Calculate the greatest common divisor of 413 and 283377.
59
What is the highest common divisor of 762300 and 675?
225
Calculate the greatest common divisor of 54 and 6217488.
18
What is the greatest common factor of 27 and 7056?
9
What is the highest common factor of 55554 and 7614?
282
Calculate the highest common divisor of 1968 and 12674904.
984
What is the highest common divisor of 1366 and 898?
2
Calculate the greatest common factor of 76890 and 150.
30
What is the greatest common factor of 16334835 and 165?
165
Calculate the greatest common divisor of 80 and 3730.
10
Calculate the greatest common divisor of 69812 and 7378.
62
What is the greatest common divisor of 415795 and 40?
5
Calculate the greatest common divisor of 188 and 45632.
4
Calculate the highest common divisor of 24 and 117276.
12
What is the greatest common divisor of 85398 and 8428?
86
Calculate the highest common divisor of 8 and 364712.
8
What is the greatest common factor of 6394788 and 731?
731
What is the highest common factor of 884 and 31076?
68
What is the highest common factor of 120 and 22210?
10
Calculate the greatest common divisor of 54 and 402435.
27
Calculate the highest common divisor of 7087414 and 461.
461
Calculate the highest common divisor of 1512 and 72387.
189
What is the greatest common divisor of 255208 and 920?
184
What is the highest common factor of 3834 and 162?
54
What is the highest common divisor of 1852961 and 11?
11
Calculate the highest common factor of 1619650 and 174.
58
What is the highest common factor of 25 and 2575?
25
Calculate the highest common factor of 494 and 17576.
26
Calculate the greatest common factor of 148601 and 1448.
181
What is the highest common factor of 1180 and 120?
20
What is the highest common divisor of 126 and 197848?
14
What is the highest common divisor of 608 and 29412?
76
Calculate the highest common divisor of 13770 and 2601.
153
Calculate the highest common factor of 21242 and 52.
26
Calculate the greatest common divisor of 136112 and 564.
188
What is the greatest common factor of 29 and 523?
1
What is the highest common factor of 14257 and 1961?
53
Calculate the greatest common factor of 3509 and 2929.
29
Calculate the greatest common factor of 42691 and 33.
11
Calculate the greatest common factor of 58261 and 58.
29
Calculate the greatest common divisor of 5004 and 11034.
18
Calculate the greatest common divisor of 53277 and 354.
177
Calculate the greatest common factor of 17204 and 4600.
92
Calculate the highest common factor of 234941 and 42.
7
What is the highest common divisor of 14 and 557606?
14
Calculate the highest common divisor of 303 and 354813.
303
What is the greatest common factor of 8837618 and 86?
86
Calculate the highest common factor of 16502 and 18286.
446
Calculate the highest common divisor of 3724 and 2548.
196
What is the greatest common divisor of 3525 and 900285?
705
Calculate the greatest common factor of 17919 and 495.
99
Calculate the highest common factor of 8784 and 816.
48
What is the highest common divisor of 3842 and 119?
17
What is the highest common divisor of 88 and 248248?
88
What is the highest common factor of 1235 and 1482?
247
What is the greatest common divisor of 83 and 94952?
83
What is the greatest common divisor of 37932 and 435?
87
Calculate the highest common divisor of 14425 and 2025.
25
What is the greatest common divisor of 394212 and 672?
84
What is the greatest common divisor of 1027050 and 2?
2
What is the greatest common factor of 13194 and 738?
18
Calculate the greatest common divisor of 75 and 26475.
75
What is the greatest common factor of 667 and 45907?
29
Calculate the greatest common factor of 127500 and 1989.
51
Calculate the highest common factor of 10560 and 4455.
165
What is the highest common factor of 233310 and 6?
6
What is the highest common divisor of 595 and 18309?
17
What is the highest common factor of 267 and 4473407?
89
What is the greatest common divisor of 1264 and 6557?
79
Calculate the highest common divisor of 71 and 1242287.
71
What is the greatest common divisor of 65016 and 81?
27
What is the highest common divisor of 3264 and 604248?
408
Calculate the greatest common factor of 790 and 758.
2
Calculate the greatest common divisor of 2847 and 6175.
13
Calculate the greatest common factor of 3941340 and 326.
326
What is the greatest common divisor of 220 and 495220?
220
Calculate the greatest common factor of 61 and 12755.
1
What is the greatest common divisor of 666 and 22126?
74
What is the greatest common factor of 198 and 139986?
198
What is the highest common factor of 17 and 5785729?
17
Calculate the greatest common divisor of 574 and 330542.
82
Calculate the greatest common divisor of 2433120 and 16.
16
Calculate the greatest common divisor of 1648 and 320.
16
Calculate the highest common factor of 31911 and 6501.
33
Calculate the highest common divisor of 3949 and 11.
11
What is the highest common factor of 291885 and 3828?
957
Calculate the greatest common factor of 2950 and 22.
2
Calculate the highest common divisor of 36322 and 26.
26
Calculate the highest common factor of 2 and 4258.
2
What is the highest common factor of 1410383 and 598?
299
What is the greatest common divisor of 82560 and 3072?
384
What is the highest common divisor of 38685 and 15?
15
What is the greatest common divisor of 320 and 415424?
64
What is the highest common divisor of 6495570 and 10?
10
Calculate the highest common divisor of 151263 and 1764.
441
What is the highest common factor of 49581 and 2358?
9
Calculate the greatest common divisor of 222512 and 16.
16
Calculate the highest common factor of 1591 and 6063.
43
Calculate the highest common divisor of 6752 and 68364.
844
Calculate the greatest common factor of 159 and 21677.
53
Calculate the greatest common divisor of 1458 and 24462.
162
Calculate the greatest common factor of 15613 and 26.
13
Calculate the highest common factor of 43 and 523396.
43
Calculate the highest common divisor of 11457 and 1368.
171
Calculate the highest common factor of 8422429 and 17.
17
What is the highest common factor of 1929 and 123?
3
Calculate the greatest common factor of 66124 and 4.
4
Calculate the greatest common divisor of 22 and 31801.
11
Calculate the greatest common divisor of 125 and 116575.
25
What is the greatest common divisor of 3068 and 10207?
59
Calculate the highest common factor of 177750 and 266